35?
33
Suppose 0 = 20*r - 11*r - 135. What is the remainder when 116 is divided by r?
11
Let r = 84 + -72. Calculate the remainder when 119 is divided by r.
11
Suppose 2 = 2*i, 5*w - i = 224 + 50. Suppose -k = 16 - 4. Let f = k + 26. What is the remainder when w is divided by f?
13
Let k(l) = 168*l + 9. What is the remainder when k(1) is divided by 30?
27
Let h be 315/(-10) + 2/(-4). Let k be (0 + (-18)/4)*4. Let t = k - h. What is the remainder when t is divided by 8?
6
Let y = -27 + 15. Let k be -2 - 3*8/y. Suppose c - 9 + 1 = k. Calculate the remainder when 12 is divided by c.
4
Suppose 480*i = 486*i - 48. Calculate the remainder when 46 is divided by i.
6
Let n(t) be the third derivative of t**6/15 - t**5/60 + t**4/24 + 11*t**2. Calculate the remainder when 37 is divided by n(1).
5
Calculate the remainder when 156 is divided by 43 - -3*(-7)/21.
30
Let m(r) = 30 + 16*r - 20 - 35 - 28. What is the remainder when m(10) is divided by 27?
26
Suppose 151 - 20 = 2*l + 5*v, -98 = -l + 4*v. What is the remainder when l is divided by 29?
20
Let q(v) = -20*v**2 - 5*v - 5. Let o = -23 + 30. Let n be q(o). Calculate the remainder when (-3)/(-4) + n/(-48) is divided by 5.
2
Let f(v) = v**3 + v**2 + v + 29. Let a(k) = -13*k**3 + 2*k**2 - 4*k**3 + 7*k**3 - 2*k - 2 + k. Calculate the remainder when f(0) is divided by a(-1).
7
Suppose 0 = -7*y + 10*y - 30. Suppose 0 = -0*r - 5*r + 4*i + 203, -5*r = -3*i - 201. What is the remainder when r is divided by y?
9
Suppose 4*c - 38 = 2*c. What is the remainder when c is divided by 5?
4
What is the remainder when (-57 + 59)/((-1)/(-130)) is divided by 49?
15
Suppose 0 = -4*k - 2*k + 42. Calculate the remainder when 40 is divided by k.
5
Suppose 5*y = 4 + 21, -4*i - y = -49. Calculate the remainder when 428 is divided by i.
10
Suppose 12*f = 110 + 154. What is the remainder when 49 is divided by f?
5
Let i(o) = 3*o**2 + 18*o - 17. Let d be i(-7). Let a(q) = 10*q**2 + 2. Let h be a(2). Suppose -h = y - d*y. What is the remainder when 25 is divided by y?
11
Suppose -2*s + 116 = 2*s. Suppose 14 = -3*k + s. Suppose -k*a + 120 = a. What is the remainder when 36 is divided by a?
16
Let u = -8 + 16. What is the remainder when 28 is divided by u?
4
Suppose -13 = -3*c - 0*i + 4*i, c = -3*i. Let q = 8533 + -8507. What is the remainder when q is divided by c?
2
Let g(m) = -72*m - 1. Let i be g(-1). Suppose i = 3*w + 20. Let k = 631 + -583. Calculate the remainder when k is divided by w.
14
Let t(u) = -u**2 + 48*u - 282. Calculate the remainder when t(38) is divided by 10.
8
Suppose -4*b + 15 = -21. Suppose 0 = 4*o - 128 - 80. What is the remainder when o is divided by b?
7
Calculate the remainder when 93 is divided by 35 + 13 - (-1)/(3/9).
42
Let n = 1 - 0. Let p = n + 5. Let k = 0 + p. Calculate the remainder when 11 is divided by k.
5
Suppose 12962 - 3498 = 8*g. What is the remainder when g is divided by 79?
77
Let a = 6 - 9. Let t be a/12 + (-6)/8. Calculate the remainder when 38 is divided by (0 + 26)/(3 + t).
12
Let c(f) = 5*f + 3. Let w be c(-5). Let i = 39 + w. Suppose 18*x - 14 = i*x. What is the remainder when 27 is divided by x?
13
Let y(x) = -x**3 - 6*x**2 + 7*x - 45. Calculate the remainder when y(-11) is divided by 27.
24
Suppose -3*c + 85 = 2*c - 4*a, -3*c - a = -68. Calculate the remainder when 89 is divided by (-939)/(-21) - (-6)/c.
44
Let g = 70 + -45. Calculate the remainder when 93 is divided by g.
18
Suppose -52*k - 5*r - 4 = -51*k, r - 10 = -2*k. Calculate the remainder when 72 is divided by k.
0
Suppose -13*n + 9*n + 3*r = -436, -2*r = 0. What is the remainder when n is divided by 28?
25
Suppose -4*r + 10*s + 54 + 18 = 0, s = 0. Calculate the remainder when 467 is divided by r.
17
Suppose 3*u - 6*u = -9. Suppose -2*m - u*m = -315. What is the remainder when m is divided by (-3 + 0)/((-3)/17)?
12
Let l = 41 - -7. Let q(z) = -z**3 + 26*z**2 - 2*z + 62. Calculate the remainder when l is divided by q(26).
8
What is the remainder when ((-1)/7)/(54/189)*-24 is divided by 12?
0
Suppose 0 = 4*f + 3*s - 241, -2*f - s + 4*s + 125 = 0. Let g be (-11)/(-4) - (-1)/4. What is the remainder when -2 + f + -4 + g is divided by 20?
18
Let s(k) be the first derivative of 3*k**2 + 3. Let c(v) = -6*v + 1. Let o(j) = -3*c(j) - 2*s(j). What is the remainder when 79 is divided by o(5)?
25
Let w(y) = y**3 + 7*y**2 - 4*y - 2. Let u be -9*(2/(-3) - 0). Suppose 24 = u*q - 10*q. Calculate the remainder when w(q) is divided by 12.
10
Let p be 22/(-2)*1 - 1. Let z = p - -18. Let a = 20 - 5. Calculate the remainder when a is divided by z.
3
Suppose 3*p - 698 = -188. Suppose -5*k + p = 4*f, 3*f - 170 = -5*k - 45. Suppose -b = -0*b - f. What is the remainder when b is divided by 12?
9
Let i(v) = v**3 - 10*v**2 + 11*v - 27. Let h be i(9). Let y = h + 27. Calculate the remainder when 88 is divided by y.
16
Let w be -1 - (-2)/((-6)/(-9)). Suppose t - 5*c - 51 = 0, -200 = -4*t + w*c - 68. Calculate the remainder when t is divided by 8.
7
Let j be (-53)/(-3)*(9 + 0). Suppose -j = -4*r - 35. Let u(i) = -2*i**3 + 36*i**2 + i - 9. What is the remainder when r is divided by u(18)?
4
Let t be 3/5 + 1570/50. Let u = t + -24. Calculate the remainder when 55 is divided by u.
7
What is the remainder when (-5 - (-5 + 2)) + 49 + 0 is divided by 16?
15
Suppose -r - 4*p = -18, -4*p = -3*r + r + 72. What is the remainder when 161 is divided by r?
11
Suppose 5*k = 5*z - 625, 4*z + 5*k = 6*z - 265. What is the remainder when z is divided by 63?
57
Suppose 1 - 13 = -6*j. Suppose 5*x = -4*f + 81, -4*x + 0*f = -f - 48. What is the remainder when (100/(-6))/(j/(-3)) is divided by x?
12
Suppose 0 = 4*q - 3*b - 1424, -2*q - 272 = -4*b - 994. What is the remainder when q is divided by 4?
1
Let a(c) = -c**3 + 8*c**2 + 5*c - 17. Let g(i) = -i**3 - 11*i**2 + 9*i - 22. What is the remainder when a(7) is divided by g(-12)?
11
Suppose 4*a = 4 - 24, 2*r + 5*a + 5 = 0. Calculate the remainder when 148 is divided by r.
8
Let i = -9 + 14. Suppose -70 = i*w - 165. What is the remainder when 35 is divided by w?
16
Let p(n) = -n**2 + 16*n - 20. Let u = 4 - 8. Calculate the remainder when p(14) is divided by (-2)/u*(3 + 9).
2
Let j(z) = 5*z**2 + 110*z + 46. Suppose -12 = -f + 12. Let x = f + -8. Calculate the remainder when j(-22) is divided by x.
14
Let u be (4 + -2 - 2)/(-1). Let d be 1/(-2)*(-4 - u). Suppose -d*v + 16 = 2*v, 0 = -4*x - 2*v + 112. Calculate the remainder when 75 is divided by x.
23
Let y(q) = -q**3 + 10*q**2 - 11*q - 4. Let g = -105 - -174. Calculate the remainder when g is divided by y(8).
33
Suppose -51*h - 714 = -72*h. What is the remainder when 405 is divided by h?
31
Suppose -4*n - 28 = 8. Let t(d) = -2*d - 7. Calculate the remainder when n/(-54) - (-286)/12 is divided by t(-8).
6
Let i(r) = 5 - 16 - r**2 + 2*r**2 + 9*r - r. Calculate the remainder when i(-13) is divided by 11.
10
Let w(m) = m**2 - 4*m. Let n be w(4). Suppose -l + 120 - 40 = n. What is the remainder when l is divided by ((-14)/3 - 25/(-15))*-9?
26
Suppose -282 - 354 = -6*j. Calculate the remainder when 635 is divided by j.
105
Suppose 0 = -52*y + 40*y + 4464. What is the remainder when y is divided by 54?
48
Let n be (-31)/(-2 - (-43)/21). Calculate the remainder when (-6)/(-10) - n/15 is divided by 16.
12
Suppose -6*r + 5*j = -4*r - 104, 0 = -5*r + j + 260. Suppose 2*f - 314 = 2*p, 2*f - 2*p - 298 = -4*p. What is the remainder when f is divided by r?
49
Suppose 0*i - 3*i = -m + 41, 4*i + 80 = 2*m. Let z = 7397 - 7284. What is the remainder when z is divided by m?
37
Suppose -41 + 6 = -5*u. Suppose -11*k + 56 = -u*k. Let b = k + 1. What is the remainder when 43 is divided by b?
13
Let z = 3081 - 2950. What is the remainder when z is divided by 3?
2
Suppose -2*i + 8 - 2 = -3*l, -l - 32 = -4*i. Suppose -76 - 89 = -5*t. What is the remainder when t is divided by i?
6
Let f(x) = x + 70. Calculate the remainder when 599 is divided by f(-10).
59
Let m be 9/(-1)*(0 - 1). Let v = 8 - m. Let l(j) = -100*j - 2. Calculate the remainder when l(v) is divided by 20.
18
Let m = -56 + 75. Let w be (-30 - -3)*1/(-3). What is the remainder when m is divided by 68/18 - (-2)/w?
3
Let o(s) = -33*s + 392. What is the remainder when 198 is divided by o(11)?
24
Let c = 129 + 35. Suppose -3*f = -o - 4*o + 266,